t d(n) be the third derivative of n**4/6 - 2*n**3/3 + n**2. List the prime factors of d(t).
2
Suppose -4*r - 3 = -103. What are the prime factors of r?
5
Suppose 0 = -2*u - u + 12. Suppose 50 - 2 = u*i. What are the prime factors of i/1 + 0/1?
2, 3
Suppose -23*u = -17*u - 114. What are the prime factors of u?
19
Suppose 3*k - 5*y + 260 = 0, 121 = -k + 2*y + 33. What are the prime factors of (-5)/(k/12)*12?
3
Suppose 19 = 2*s - 2*d + 5*d, -15 = -5*s - d. Let t = s - 2. Let o = 3 - t. List the prime factors of o.
3
Let o be (-2)/2 + (-60)/(-2). Suppose 1 + o = -5*r. What are the prime factors of (9/r)/(1/(-6))?
3
Let p be (3/(-1))/3 + 19. Let h be 1/(-3) + 1/3. Suppose h = -3*u + p + 9. What are the prime factors of u?
3
Let i = 136 - 123. What are the prime factors of i?
13
Suppose 14 = -10*g + 11*g. List the prime factors of g.
2, 7
Suppose -3*d - 2 = 4. What are the prime factors of 16 - d - (-2 + 0)?
2, 5
Let l(o) = o**2 - 9*o + 12. Let c be l(9). Suppose -3 - c = -3*a. Suppose 0*x + a*x - 15 = 0. List the prime factors of x.
3
Let q(p) be the first derivative of -p**2 - 10*p + 7. What are the prime factors of q(-11)?
2, 3
Let s(n) = -n**2 - 7*n + 10. Let z be s(-8). Suppose -z*y = -8 - 2. List the prime factors of y.
5
Let s = 106 + 2. Suppose 3*f = h + 79, -4*f + s = -3*h - h. List the prime factors of f.
2, 13
Let u = -132 - -256. Suppose 0 = -5*x + x + u. List the prime factors of x.
31
Let v = -14 + 4. Let g be -1 - 6 - v/(-5). What are the prime factors of (3/g)/((-2)/66)?
11
Let m = 7 + -4. Suppose m*t = 4*c + 22, 0 = -2*c + c + 5. List the prime factors of t.
2, 7
Let s(v) = -v**3 + 5*v**2 + v - 1. What are the prime factors of s(5)?
2
Let v(t) = -t - 6. Let b be v(-8). Let q(k) = 0 + 3 - 1 + b*k + 0. What are the prime factors of q(3)?
2
Let x(b) = 4*b**2 - 9*b - 24. List the prime factors of x(-7).
5, 47
Suppose -6*w = -w + 20, 0 = -3*l + w + 1. Let z(t) = t**2 + 2*t + 1. Let c be z(-3). Let i = c + l. List the prime factors of i.
3
Suppose 4*p = q + 771, -7*q = -3*p - 12*q + 607. What are the prime factors of p?
2, 97
Suppose -23 = -x - 6. List the prime factors of x.
17
Suppose -102 = p + 2*p. Let l = p - -88. List the prime factors of l.
2, 3
Suppose -2*c - c + 2*h - 6 = 0, c + h + 2 = 0. Let s be c/(-2) + 1 + -1. Let q(d) = 9*d**2 + d. List the prime factors of q(s).
2, 5
Let s(l) = l**2. Let x be s(0). Suppose x = 5*d + 2 - 12. Suppose 4*u + 40 = 4*m, -5*m - u + 82 = d*u. List the prime factors of m.
2, 7
Let x(t) = 68*t. Let j be x(-2). List the prime factors of j/(-6) - 14/21.
2, 11
Suppose -y + 19 = -4*d, -d - 5*y = -6*d - 20. Let p(f) = -f**3 - 5*f**2 + 4. What are the prime factors of p(d)?
2
Suppose 19 = 5*o - 6. Suppose o*w = 31 + 14. List the prime factors of w.
3
Let o(l) = -l + 2. Let n be 24/(-14) + 4/(-14). Let g be o(n). Let k = 0 + g. List the prime factors of k.
2
Let z = 4 - -1. Suppose -5*a = -r - 8 - z, -3*a - 6 = 4*r. Suppose 14 = -a*y + 46. What are the prime factors of y?
2
Let r = -13 - -16. Suppose -4*c - k + 100 = -r*k, k = -c + 28. What are the prime factors of c?
2, 13
Let d be (-2)/10 + (-1)/(-5). Suppose 5*l - 25 = -d*l. Suppose 4 = 3*i - i, -65 = -5*n - l*i. What are the prime factors of n?
11
Let p(d) = -d - 8. Suppose -34 = -5*q - 3*z - 11, -2*z + 13 = 3*q. Let x be p(q). What are the prime factors of ((-54)/x)/((-6)/(-15))?
3
Suppose -738 = -2*u + 4*s - 210, -284 = -u - 2*s. List the prime factors of u.
2, 137
Let o = 10 - 6. Suppose t + t = o. Let g = t + 1. What are the prime factors of g?
3
Let w(b) = 2*b**2 + 4*b - 7. Let p(m) = -m**3 - m**2 - 1. Let k be p(-2). Let r be (-10)/6*9/k. List the prime factors of w(r).
23
Let w = -49 - -49. Let o(j) be the second derivative of j**4/12 + j**3/6 + 5*j**2/2 - j. List the prime factors of o(w).
5
Suppose -f + 8 = 3, 0 = 4*r + 4*f - 28. Suppose 0 = 2*g + a - 38, 2*g + 21 = -r*a + 57. Suppose 7*l - 3*l = g. What are the prime factors of l?
5
Let n = 10 - 4. Suppose 0 = 5*j + 4 + n. Let d(s) = -s + 2. What are the prime factors of d(j)?
2
What are the prime factors of (0 + 2)*2 + 34?
2, 19
Let x be 2 + 20/4 - 2. Suppose k - x = -j, 0*k - 2*k + 2*j + 26 = 0. What are the prime factors of k?
3
Suppose 0 = r + 2*f - 37 - 15, -4*r + 208 = -5*f. List the prime factors of r.
2, 13
Let q be 8/2*(-33)/(-6). Let a = -14 + q. List the prime factors of a.
2
Suppose 2*l - 209 = 4*p + p, p = 3. Suppose -f = -3*f + 5*o + 70, 0 = 4*f + 4*o - l. What are the prime factors of f?
2, 3, 5
Suppose -3*p + 2*p - 13 = 3*t, 3*t = 4*p - 8. Let n = p - -1. What are the prime factors of 2 - n - (1 - 8)?
3
Let v = -33 + 89. Suppose 0 = 3*p - v + 11. List the prime factors of p.
3, 5
Suppose 0 = 4*q - q - 12. What are the prime factors of q?
2
Let f(i) = -i**3 + 5*i**2 - 5*i + 3. Let n be f(4). List the prime factors of 9 + n + 3 + -4.
7
Let r = -13 - -36. Let v be (36/(-15))/(2/(-10)). Let u = r - v. List the prime factors of u.
11
Suppose -35 = 4*o + 1. Let c = o + 6. What are the prime factors of (3 + 6)/(c/(-4))?
2, 3
Suppose 2*t - 3 = -7. Let l(f) = -8*f - 1. What are the prime factors of l(t)?
3, 5
Let q = -15 + 22. List the prime factors of q.
7
Let f be (-12)/(-2)*(-2)/6. Let j = 14 + f. Suppose -3*x + 33 = j. List the prime factors of x.
7
Let z(k) = -2*k + 5. Let p(a) = -2*a + 4. Let m(l) = -5*p(l) + 4*z(l). Let j be m(3). Suppose 2*i = j*i - 72. What are the prime factors of i?
2, 3
Let m(k) = -28*k - 2. What are the prime factors of m(-1)?
2, 13
Let o = -139 - -264. What are the prime factors of o?
5
Let v = 124 - -12. Suppose -13*x = -9*x - v. List the prime factors of x.
2, 17
Let k = -24 + 41. What are the prime factors of k?
17
Let n be -1*(0 + (3 - 0)). What are the prime factors of -8*n/(-6)*-6?
2, 3
Suppose 695 = -36*r + 41*r. List the prime factors of r.
139
Let s(g) = 7*g**3 + 7*g**2 + 16. Let p(z) = 4*z**3 + 3*z**2 + 8. Let n(r) = -5*p(r) + 3*s(r). List the prime factors of n(-6).
2
Let c be ((-6)/(-4))/((-6)/8). Let z = c - -4. List the prime factors of z.
2
Let b(s) = s**2 - 2. Let l be b(-4). List the prime factors of 3/6*l + 0.
7
Let i(n) = -n**3 - 5*n**2 - 3*n - 3. Let p = -15 - -10. Let x be i(p). Suppose -5*j = 4*t - 9*j - 48, -4*j = -t + x. List the prime factors of t.
2, 3
Let r(s) = s**2 + 11*s. Let n(o) = o**2 + 10*o. Let f(a) = -5*n(a) + 4*r(a). What are the prime factors of f(-3)?
3
Let p(h) = h**3 - 5*h**2 + 9*h - 11. What are the prime factors of p(6)?
79
Let d(v) = v**3 - 18*v**2 - 17*v - 26. List the prime factors of d(19).
2, 3
Suppose 0 = 4*h - 16 - 8. List the prime factors of h.
2, 3
List the prime factors of 3*(-2)/3 - (4 - 9).
3
Let i(n) = 26*n - 14. List the prime factors of i(2).
2, 19
Let b(i) = 8. Let k(y) = y. Let q(d) = -b(d) + k(d). List the prime factors of q(12).
2
Suppose 45 = 3*w + 2*w. Suppose 0*s - 9 = -5*c + 3*s, 3*s = -w. Suppose -5*o + 11 + 29 = c. What are the prime factors of o?
2
Let x = 204 - 31. What are the prime factors of x?
173
Let m(r) = r**3 - 5*r**2 + 4*r + 5. Let d be m(4). Suppose 3*s - 3*p - p = 29, -d*p + 18 = 4*s. What are the prime factors of s?
7
List the prime factors of (-63)/(-2) + 6/12.
2
Suppose 17*i - 81 = 14*i. List the prime factors of i.
3
Let n(i) = i**3 + 7*i**2 - i + 1. Let m be n(-7). Suppose -3*z + 28 + m = 0. What are the prime factors of z?
2, 3
Let i(l) = -22*l + 2. Let z be i(-2). Suppose -2*b + z = 2*x, x - 5*b = 17 + 6. List the prime factors of x.
23
Let l be (6 - (1 + 0))*1. Let c be 98/10 - l/(-25). Suppose c = 3*a - 14. List the prime factors of a.
2
Suppose -2*t - t = -2*i + 1, -5*t - 7 = -4*i. Suppose -r - i = -3*r. What are the prime factors of r?
2
Let x(n) = 19*n**2 - 6*n + 3. Let a be x(9). What are the prime factors of a/42 + 4/7?
2, 3
Suppose -4*a + 67 = -1213. What are the prime factors of a?
2, 5
Suppose -k + 5*s - 786 = -3*k, -1911 = -5*k + s. List the prime factors of k.
383
What are the prime factors of (-16)/56 - (-122)/(-7)*-3?
2, 13
Let q(v) = v**3 + 4*v**2 - v - 3. Let i be q(-4). Let m be (-14)/(-3) - (-12)/36. Suppose 0 = 4*n + 3*d - i - 28, n - m*d - 36 = 0. List the prime factors of n.
11
Let f(a) = a**2 - 6*a - 1. List the prime factors of f(7).
2, 3
Let t = -122 + 226. What are the prime factors of t?
2, 13
Suppose 8*p = 3*p - t + 2, -3*t - 4 = 5*p. S